 when 1988 is divided by 51?
50
Calculate the remainder when 309 is divided by 77.
1
What is the remainder when 71124 is divided by 1394?
30
What is the remainder when 26194 is divided by 5236?
14
Calculate the remainder when 2452 is divided by 6.
4
Calculate the remainder when 112631 is divided by 307.
269
Calculate the remainder when 183970 is divided by 48.
34
Calculate the remainder when 5112 is divided by 1820.
1472
What is the remainder when 63101 is divided by 113?
47
What is the remainder when 9062 is divided by 56?
46
What is the remainder when 9134 is divided by 353?
309
What is the remainder when 3158 is divided by 345?
53
Calculate the remainder when 604645 is divided by 75.
70
Calculate the remainder when 64931 is divided by 19.
8
What is the remainder when 690164 is divided by 63?
62
Calculate the remainder when 12789 is divided by 1154.
95
Calculate the remainder when 1239 is divided by 328.
255
Calculate the remainder when 154572 is divided by 229.
226
What is the remainder when 4301 is divided by 819?
206
What is the remainder when 1460 is divided by 205?
25
What is the remainder when 7952 is divided by 73?
68
Calculate the remainder when 4349 is divided by 167.
7
What is the remainder when 157392 is divided by 39347?
4
Calculate the remainder when 14971 is divided by 892.
699
Calculate the remainder when 60532 is divided by 23.
19
Calculate the remainder when 25935 is divided by 12962.
11
Calculate the remainder when 25204 is divided by 778.
308
Calculate the remainder when 21733 is divided by 26.
23
Calculate the remainder when 543644 is divided by 32.
28
What is the remainder when 525522 is divided by 275?
272
What is the remainder when 908 is divided by 218?
36
Calculate the remainder when 1174 is divided by 580.
14
Calculate the remainder when 1766 is divided by 447.
425
What is the remainder when 5478 is divided by 20?
18
What is the remainder when 763745 is divided by 6418?
3
What is the remainder when 8620 is divided by 2871?
7
Calculate the remainder when 3407494 is divided by 23.
21
Calculate the remainder when 4364 is divided by 128.
12
What is the remainder when 8049 is divided by 46?
45
Calculate the remainder when 45867 is divided by 178.
121
Calculate the remainder when 2917 is divided by 28.
5
Calculate the remainder when 42839 is divided by 62.
59
Calculate the remainder when 299674 is divided by 149819.
36
What is the remainder when 33706 is divided by 12?
10
What is the remainder when 308958 is divided by 20?
18
What is the remainder when 962 is divided by 557?
405
Calculate the remainder when 5773 is divided by 1913.
34
Calculate the remainder when 6493 is divided by 209.
14
Calculate the remainder when 55362 is divided by 8.
2
What is the remainder when 608 is divided by 208?
192
What is the remainder when 2952 is divided by 47?
38
What is the remainder when 1759 is divided by 33?
10
Calculate the remainder when 7946 is divided by 9.
8
Calculate the remainder when 11544 is divided by 275.
269
Calculate the remainder when 271976 is divided by 90654.
14
What is the remainder when 52723 is divided by 82?
79
What is the remainder when 10455 is divided by 4?
3
Calculate the remainder when 39039 is divided by 32.
31
Calculate the remainder when 480995 is divided by 520.
515
Calculate the remainder when 22341 is divided by 149.
140
What is the remainder when 6655 is divided by 667?
652
What is the remainder when 108872 is divided by 109?
90
Calculate the remainder when 43891 is divided by 859.
82
Calculate the remainder when 497720 is divided by 7.
6
What is the remainder when 7480 is divided by 13?
5
Calculate the remainder when 16655 is divided by 723.
26
What is the remainder when 61746 is divided by 156?
126
What is the remainder when 198237 is divided by 160?
157
What is the remainder when 78 is divided by 71?
7
Calculate the remainder when 205316 is divided by 32.
4
What is the remainder when 10755 is divided by 2684?
19
What is the remainder when 38651 is divided by 9658?
19
What is the remainder when 453653 is divided by 69?
47
Calculate the remainder when 18871 is divided by 222.
1
Calculate the remainder when 11973 is divided by 831.
339
Calculate the remainder when 12148 is divided by 5.
3
What is the remainder when 1525 is divided by 1523?
2
What is the remainder when 7040 is divided by 873?
56
Calculate the remainder when 99095 is divided by 563.
7
What is the remainder when 798 is divided by 64?
30
Calculate the remainder when 38534 is divided by 116.
22
Calculate the remainder when 2026 is divided by 155.
11
Calculate the remainder when 182058 is divided by 2638.
36
Calculate the remainder when 42387 is divided by 22.
15
Calculate the remainder when 99366 is divided by 2484.
6
What is the remainder when 70361 is divided by 5862?
17
Calculate the remainder when 2255166 is divided by 119.
116
Calculate the remainder when 4430 is divided by 554.
552
What is the remainder when 88143 is divided by 193?
135
Calculate the remainder when 140420 is divided by 12.
8
Calculate the remainder when 2455 is divided by 1209.
37
Calculate the remainder when 2818 is divided by 214.
36
What is the remainder when 5258 is divided by 581?
29
What is the remainder when 1295 is divided by 429?
8
What is the remainder when 330293 is divided by 941?
2
Calculate the remainder when 69723 is divided by 38.
31
What is the remainder when 3746767 is divided by 296?
295
Calculate the remainder when 2936 is divided by 1399.
138
What is the remainder when 7803 is divided by 5?
3
Calculate the remainder when 9362 is divided by 41.
14
What is the remainder when 34923 is divided by 25?
23
Calculate the remainder when 226745 is divided by 54.
53
Calculate the remainder when 333624 is divided by 351.
174
What is the remainder when 68270 is divided by 17?
15
What is the remainder when 145515 is divided by 48498?
21
Calculate the remainder when 38790 is divided by 19395.
0
Calculate the remainder when 54269 is divided by 32.
29
Calculate the remainder when 1017 is divided by 205.
197
What is the remainder when 13856 is divided by 1941?
269
What is the remainder when 75688 is divided by 25220?
28
What is the remainder when 5082 is divided by 1629?
195
What is the remainder when 59938 is divided by 162?
160
What is the remainder when 440627 is divided by 3525?
2
Calculate the remainder when 1258 is divided by 362.
172
What is the remainder when 3983 is divided by 54?
41
Calculate the remainder when 3971 is divided by 989.
15
What is the remainder when 52214 is divided by 1004?
6
What is the remainder when 710 is divided by 599?
111
What is the remainder when 4904 is divided by 190?
154
What is the remainder when 81624 is divided by 1359?
84
Calculate the remainder when 128 is divided by 23.
13
Calculate the remainder when 18870 is divided by 380.
250
Calculate the remainder when 2041 is divided by 1583.
458
What is the remainder when 126490 is divided by 55?
45
What is the remainder when 7454 is divided by 1242?
2
What is the remainder when 90777 is divided by 34?
31
What is the remainder when 5534 is divided by 353?
239
What is the remainder when 84545 is divided by 361?
71
Calculate the remainder when 975 is divided by 31.
14
Calculate the remainder when 8894 is divided by 103.
36
What is the remainder when 2993 is divided by 64?
49
Calculate the remainder when 7254 is divided by 2199.
657
What is the remainder when 577 is divided by 21?
10
Calculate the remainder when 456223 is divided by 55.
53
What is the remainder when 255158 is divided by 255143?
15
Calculate the remainder when 310302 is divided by 316.
306
Calculate the remainder when 135728 is divided by 1131.
8
Calculate the remainder when 20645 is divided by 333.
332
What is the remainder when 549807 is divided by 82?
79
What is the remainder when 6132 is divided by 4834?
1298
Calculate the remainder when 2027 is divided by 21.
11
Calculate the remainder when 356 is divided by 51.
50
What is the remainder when 1884 is divided by 66?
36
Calculate the remainder when 683 is divided by 337.
9
Calculate the remainder when 49772 is divided by 353.
352
What is the remainder when 37955 is divided by 18956?
43
Calculate the remainder when 20116 is divided by 10051.
14
Calculate the re